 + 162, 0 = -3*g - 5*y + 125. Let a = g + -46. Determine q(a).
13
Suppose m = 6*m + 90. Suppose -3*h - 26 = 28. Let b = m - h. Let v(c) = -c**3 + c**2 + c + 5. Calculate v(b).
5
Suppose -2 = 4*q - 3*q. Let f be (3/2)/(1/q). Let m = f - -9. Let c(p) = -p**3 + 7*p**2 - 8*p + 8. Give c(m).
-4
Let h(t) = 3*t + 34. Let j(k) = -11*k**2 + 16*k + 15. Let l be j(-1). What is h(l)?
-2
Suppose 0*b - 24 = -4*b. Let s(f) = -4*f - 2883 + 5*f + 2881. Give s(b).
4
Let p(x) be the second derivative of x**3/6 - 2*x**2 + 5*x + 2. Determine p(-11).
-15
Let n be 28/(5 - 9)*-7. Let o(t) = -n + t + 25 + 24. Determine o(4).
4
Let g = 64 + -46. Let n = -19 + g. Let h(k) = -5*k**3 - 1. Determine h(n).
4
Let l be (-15)/((-300)/(-16)) + (-14)/(-5). Let o(t) = -t**3 + 0*t**3 + 20 + t**2 - 5*t + 0*t**l + 6*t. Give o(0).
20
Let b(p) be the third derivative of -p**6/120 - p**5/30 + 7*p**4/12 - 2*p**3/3 + 6*p**2. Let z be b(-5). Let y(i) = -2*i**2 + i - 1. Give y(z).
-2
Let t(b) = -b + 2. Let u = -6 + 14. Suppose p - u = 3*p. Give t(p).
6
Let s(y) be the first derivative of -y**3/3 - 5*y**2/2 - 3*y + 2. Suppose -4*m - 3*u = 24, m = 3*m + u + 10. Determine s(m).
3
Let h(t) = -8*t**2 + t + 1. Suppose 4*b - 2*b = 2*s - 10, s = 2*b + 6. Let v be b - 0 - (-7 + 7). What is h(v)?
-8
Let j(f) = f + 18. Suppose 2091 = -8*k + 2155. Determine j(k).
26
Let t(a) = -a**2 + 14*a - 8. Suppose -c - 4*g = 4*c - 38, 20 = 3*c + g. Calculate t(c).
40
Let t(q) = q + 4. Let j(i) = 34*i. Let u be j(0). Calculate t(u).
4
Let f(b) = -4*b - 23. Let q be f(-15). Suppose 4*g + 29 - q = 0. Let s(w) = -w**2 + 2. Determine s(g).
-2
Let m(q) be the third derivative of q**5/60 + q**4/8 - q**3/6 + 22*q**2. What is m(2)?
9
Let b(m) = m - 3. Let p(z) = -2*z**2 + 4*z**2 - z**2 + 1 + 3*z. Let q be p(-3). Let n(k) = 3*k. Let s be n(q). What is b(s)?
0
Let z(x) = 1 - 4 - 8 + x - 8. Let a = -46 - -46. Calculate z(a).
-19
Let v = 42 + -39. Let m(q) = -7 - 3*q - q**v + 1 + 3 + 2*q**3 - q**2. Calculate m(3).
6
Let k(z) = 8*z**2 - 29*z - 34. Let h(l) = -3*l**2 + 10*l + 12. Let m(r) = 11*h(r) + 4*k(r). Let x(q) = q. Let t be x(-4). Calculate m(t).
4
Let p(k) be the third derivative of -k**5/60 - 7*k**4/24 - 3*k**3 - 354*k**2 + 1. Calculate p(-12).
-78
Let a(d) be the third derivative of -d**4/12 + 8*d**3/3 + 17*d**2 - 1. What is a(6)?
4
Let p(r) = -5*r. Suppose -y - 3*j - 12 = 0, 0*y + 22 = -3*y - 2*j. Let m(s) = 14*s + 1. Let b(w) = y*m(w) - 17*p(w). Let a be (-12)/2*8/(-12). What is b(a)?
-2
Let m(u) = -u**3 - u**2 - 1. Suppose g = -2*r + 8, 5*g - 4*g = -4*r + 18. Let o(y) = -4*y**3 - 5*y**2 + y - 7. Let a(p) = r*m(p) - o(p). Give a(0).
2
Suppose -4*s - 3*h - 2 = 0, s + 6 = -3*h + 5*h. Let z(i) = 2*i + 4. What is z(s)?
0
Let r(y) be the third derivative of -20*y**2 - 1/120*y**6 - 1/6*y**4 - 2/15*y**5 + 3/2*y**3 + 0*y + 0. Calculate r(-7).
-12
Let a = 1 + 3. Let n be (8/(-32))/((-3)/12). Suppose -a = -k + n. Let w(y) = y**2 - 5*y - 3. Determine w(k).
-3
Let z be 21/7*(-1)/((-3)/2). Let w(q) = 7 - 5*q - z + 4 - 8. Calculate w(-1).
6
Let q(p) = 10*p + 2. Let l be q(2). Let x be 2*((-2)/(-4) - -1). Suppose x*o - n + l = -o, -2*o + 2*n - 8 = 0. Let s(j) = j**2 + 8*j - 2. Give s(o).
-14
Let d(f) = 5*f + 2. Let z(v) = 1. Let m be (-3)/(-6) - (-22)/(-4). Let h(a) = 3*a + 6. Let i(k) = m*z(k) + h(k). Let w(c) = -4*d(c) + 7*i(c). Give w(-8).
-9
Let t be (4 - -1) + -1 - 10/2. Let k(p) = 11*p**3 - p**2 + 1. Give k(t).
-11
Suppose 5*a + 0 = -k + 5, 13 = -3*k - a. Let q(v) = 8*v + 9. Let o(h) = -4*h - 5. Let u(i) = -5*o(i) - 2*q(i). What is u(k)?
-13
Let t(m) = -2*m**2 - 19*m - 12. Let j be t(-9). Let i(r) = 3*r + 3. What is i(j)?
-6
Let w(i) = i**3 + 4*i**2 - i + 4. Let v be w(-4). Let t(k) = -30*k - 10. Let d(a) = -4*a. Let b(o) = 8*d(o) - t(o). Give b(v).
-6
Let c(s) = -s + 8. Let p(h) = -2*h - 3. Let u(j) = c(j) - p(j). Let m = -1 + 1. What is u(m)?
11
Let b = -72 - -122. Suppose -5*c - 2*m + b = m, -4 = 3*c - 5*m. Suppose c*r = 2*r - 30. Let n(p) = -p**3 - 7*p**2 - 6*p - 3. Calculate n(r).
-3
Let q be (1/((-12)/16))/((-8)/24). Let w(u) be the third derivative of 0*u + 6*u**2 - 1/120*u**6 + 0 - 5/6*u**3 + 7/24*u**q + 1/10*u**5. Determine w(7).
-5
Let j(f) be the second derivative of 7*f**5/60 + f**4/24 + 7*f**3/3 + 15*f. Let v(a) be the second derivative of j(a). Give v(-1).
-13
Let y = -14 - -15. Let f(k) = 17*k**3 - 2*k**2 + k. Determine f(y).
16
Let l(i) = -7*i + 13. Suppose 3*w = -2*w - 130. Let z(h) = -2*h + 3. Let d(u) = w*z(u) + 6*l(u). What is d(1)?
10
Let n(f) = 7*f**3. Let c = -6 - 0. Let t(q) = -7 + 2*q**2 + 0*q**2 - 2*q**2 + 5*q + q**2. Let j be t(c). Calculate n(j).
-7
Let j(a) = 2*a**2 + 5*a + 3. Suppose 0 = 9*r - 11*r + 10. Let g be (-2)/r - (5 + (-28)/20). What is j(g)?
15
Suppose 8 = t + 2*p, 3*t = -p + 5 - 1. Let o(i) = -i**3 + 2*i**2 + 1. Let l be o(t). Let z(k) = 4 - k - l + k**2 + 4 - 1. Give z(0).
6
Let i be -2*1 - 8/(-1). Suppose 4*g + 2*b + 8 = -g, 5*g + 16 = -4*b. Let u(t) = -2*t + g*t + t - 1. Give u(i).
-7
Let d(z) = z**2 + 6*z - 1. Let v be d(-5). Let i be (-6 + -15)*(-2)/v. Let a(h) = -h**3 - 6*h**2 + 6*h - 8. Determine a(i).
-1
Let h = -32 - -35. Let i(v) = h + 9*v - 8*v - 4. Determine i(0).
-1
Let b(x) = -4*x - 2341*x**3 + 2 + 2340*x**3 + 5*x + 3*x**2. What is b(3)?
5
Suppose -x = 3*y - 1, -76*y + 3*x + 19 = -74*y. Let d(k) = -k**2 + 2 + 2*k - k - 3*k. What is d(y)?
-6
Let f(j) = -3*j**3 + j**2. Let h be (-15)/13 - (-46)/299. Calculate f(h).
4
Suppose 2*i - 64 = -4*g + 7*i, 0 = 4*i. Let t(u) = -u**2 + 18*u - 30. Calculate t(g).
2
Let y = 137 - 131. Let f(a) = a**2 - 8*a - 2. Calculate f(y).
-14
Let q(i) be the third derivative of -i**7/840 - i**6/180 + i**5/120 + i**3/6 + 6*i**2. Let o(v) be the first derivative of q(v). What is o(-2)?
-2
Let r(m) be the first derivative of m**6/360 - m**5/15 + m**4/4 - 2*m**3/3 + 15*m + 28. Let x(a) be the third derivative of r(a). Determine x(8).
6
Let n(d) be the first derivative of d**4/4 - d**3/3 + d**2/2 + 2*d + 1. Let m(o) = o**3 - 3*o**2 - 5*o + 4. Let x be m(4). Suppose x = -8*a + a. Give n(a).
2
Let m(u) = 3 - 5*u**2 - 5*u + u**2 + 3*u**2. Suppose 11*h + 12 = 9*h. Determine m(h).
-3
Let k(h) = -2*h + 26. Let d be 2/(8/(-10))*(-29 + 25). What is k(d)?
6
Let m be (-3 + 2)*0/1. Let s(c) be the second derivative of -c**4/12 - c**3/6 - c**2 - 1674*c. Give s(m).
-2
Let q be 2 - (-3 - -4)*-1. Let f(x) = 5*x**2 - 29*x - 1. Let t(c) = 2*c**2 - 10*c. Let u(i) = q*f(i) - 8*t(i). Give u(-8).
-11
Let l = 21 + -29. Let z = l + 3. Let q(g) = g + 6. Calculate q(z).
1
Let u be (-246)/15 - 4/(-10). Let f be (-4)/32 + (-18)/u. Let s(d) = -2*d - 1 - 2*d**2 + 0*d**2 - 4*d + 7*d. Give s(f).
-2
Let u(v) = v**2 - 2*v + 2. Let r(k) be the first derivative of -k**2/2 - 5*k - 3. Let y be r(-5). Suppose 2 = t - y. What is u(t)?
2
Let g(y) = -15*y - 14. Let r(q) = -22*q - 20. Let i(s) = -7*g(s) + 5*r(s). Calculate i(-5).
23
Let o(v) = v**3 + 4*v**2 - 2*v - 4. Suppose 5 - 1 = n. Let h = -8 + n. Let q be o(h). Let w(d) = d**3 - 4*d**2 - 5. Calculate w(q).
-5
Let r(i) = -25*i**2 - 5. Let n(m) = -12*m**2 - 2. Let g(o) = 5*n(o) - 2*r(o). Calculate g(-1).
-10
Suppose -2*q = 3*u - u - 2, 3*u + 1 = q. Let o(x) = -x**3 + x**2 - x + 51. What is o(u)?
51
Let u(o) = 5*o + 36. Let z be u(-9). Let j(t) = t + 15. What is j(z)?
6
Let z(d) = d**2 + d + 1. Let t be 8*(0/(-4) - 1). Let j = 1 - t. Let l(u) = 4*u**2 + 4*u + 5. Let m(f) = j*z(f) - 2*l(f). Calculate m(-2).
1
Let r(t) = 253*t**2 + 0 + t + 0 + 244*t**2 - 493*t**2. What is r(1)?
5
Let i(j) = 4*j**2 + 13*j - 13. Let b be i(-4). Let x(f) be the second derivative of f**4/4 + f**3/6 + f**2/2 - f. What is x(b)?
3
Let a(y) = y**2 + y. Let z(c) = -c**2 - 6*c + 2. Let i = -11 - -9. Let j(o) = i*a(o) - z(o). Let u be (6/(-5))/(2/((-40)/6)). Calculate j(u).
-2
Let i(s) = -5*s - 4. Let b(w) = 14*w + 12. Let q(a) = 6*b(a) + 17*i(a). Suppose 5*p + 135 = 165. Give q(p).
-2
Let a(q) = 16*q - 7. Let u(x) = 8*x - 3. Let n(b) = 4*a(b) - 9*u(b). Let l(o) = o - 8. Let c = -10 - -19. Let s be l(c). Calculate n(s).
-9
Let s(y) = -y**2 - y + 2. Let q be s(0). Let v(x) = 4*x**3 + 4*x**2 + x + 4. Let o(d) = -3*d**3 - 3*d**2 - 3. Let j(p) = q*v(p) + 3*o(p). Calculate j(1).
-1
Let t = -118 - -117. Let i(m) = -m**3 - m + 1. Let j(u) = 5*u**3 - 3*u**2 + 7*u - 4. Let 